aluate -23 + 1 + (402 - 396).
-16
Evaluate -31 + 5 + -6 + 1.
-31
What is -7 + 23 + (-6 - -2)?
12
What is (-55 - -56) + -2 + 16?
15
Evaluate 3 + (0 - -2) + -24 + 13 + -12.
-18
What is 5 + (-17 - -20 - -8)?
16
Calculate -10 + (-6 - -16 - (-1 - (-3 - 6))).
-8
Calculate 10 + 0 + -4 - (-18 + 10).
14
Evaluate (0 + 4 - (-235 + 227)) + -21.
-9
(8 - (-15 + 36)) + 9
-4
-14 + 17 + 10 - (-7 + (3 - 0))
17
What is (-14 - (-17 + -6)) + -7?
2
Evaluate 3 + -3 + (-29 - -16 - -7).
-6
What is -46 + 42 + (-1 - -6) - (-36 + 38)?
-1
Calculate 0 + 4 - ((-9 - -10 - 3) + 5).
1
Calculate -6 - (-2 - -1 - 8 - (3 - 2)).
4
What is 4 + (-5 - 22) - -5?
-18
Calculate (17 + -3 + -1 - -7) + -19 + 27.
28
What is the value of -21 - (12 + -2 - 22)?
-9
Calculate 7 - ((-4 - -1) + -11).
21
Evaluate -3 - (2 + -1 + 58 + -50).
-12
What is 36 + -18 + (0 - -11 - -7)?
36
Calculate (-8 + 25 - 25) + -1 + 0.
-9
Evaluate -1 + (-9 - (-15 + 8)).
-3
Evaluate -5 - (-4 - -2 - (-31 - -31)).
-3
Evaluate 18 - (-14 - -13 - -16).
3
Calculate 19 + (-17 - (-1 - (8 + -1))).
10
Evaluate 4 + (7 - 10) + -1 + -7.
-7
-3 - (1 + -8 + -23 + 19 - -5)
3
What is 0 + 3 - (-22 + 32 + -6)?
-1
Calculate 1 + -7 - (-83 - -85 - (1 - 5)).
-12
What is (4 + -22 - (-22 - -10)) + (0 - 2)?
-8
Calculate -5 + 16 + (-35 + 22 - (-3 - 6)).
7
What is -1 + (14 - (-7 + 4)) + -13 + 21?
24
50 - 66 - (-1 - 4)
-11
Calculate 405 + -407 + (-5 - (-1 + 1)).
-7
What is -12 + (-8 + 12 - (-2 + 11) - -10)?
-7
What is (4 - -5) + 1 + (-1 - 2) + 2?
9
Calculate -10 + (-3 + 4 - (2 - 15)).
4
What is 30 - (-32 + -14 + 107)?
-31
What is (0 - 27) + 13 - -19?
5
What is the value of -18 - (1 + 14 + -24)?
-9
Evaluate (-2 - (-7 - (-5 - -7))) + 2 + 1.
10
What is (-23 - 12 - -26) + 13?
4
What is -2 - 2 - -16 - 23?
-11
Calculate -488 - -512 - (21 + 1).
2
-7 + 3 - (12 + 0)
-16
What is (-78 - -81) + (3 - (3 + 2))?
1
Calculate 506 + -511 + 7 + 0.
2
What is the value of -4 - (-4 + -6 - -7)?
-1
What is the value of 29 + (-57 - 15 - -32)?
-11
-4 - -2 - -47 - (416 - 401)
30
Calculate (-84 - (43 - 108)) + 12 + 2.
-5
Evaluate (1 - -5) + (12 - (18 - -2)) + 9.
7
(24 - (12 + 24)) + 0 + -8 - -5
-15
13 - -2 - (47 + (40 - 93))
21
(6 - (7 + 8)) + 5 + 5
1
What is the value of -4 + 26 + -7 + -10 + 8 + -4?
9
What is -23 - -13 - (6 + 2 - (4 - -11))?
-3
-6 + (12 - 5) + -6
-5
What is the value of 7 - -4 - (-8 + (0 - -37))?
-18
Calculate (2 - 0 - -6) + -3 + -1.
4
What is -1 - (-3 + 2) - (-43 - (-14 - 16))?
13
What is 17 + (5 - 10) - (9 - 15)?
18
24 + 1 + 662 + -705
-18
What is the value of 7 + 3 - (-2 - -1 - -1)?
10
What is the value of -7 - ((-1 - 0) + 7 - (1 - -3))?
-9
Calculate 9 + -2 + (-5 - 0) - (-4 - -3).
3
What is the value of (4 + -1 - (3 + -2)) + 57 + -57?
2
What is the value of 380 + -362 - (0 - -11) - (21 + -1)?
-13
What is (-3 + 9 - 2) + (-4 - 1 - 1)?
-2
Calculate 0 + 1 - (4 + (1 - -6) + -17).
7
Calculate (-7 - -14) + 1 + (4 + -5 - 2).
5
Evaluate 10 + 7 + -23 + 11.
5
Calculate 5 + (0 - (-9 + 12)) + 6.
8
Calculate (-34 - -43) + -4 + 10.
15
Evaluate 40 + -24 - (26 + 0).
-10
What is the value of (34 - -4) + 4 - 13?
29
What is the value of -8 + 1 - ((13 - -2) + -35 + 2)?
11
What is the value of 3 - ((4 - -3) + -10) - 18?
-12
What is (-2 - -14) + -168 + 151?
-5
Evaluate -9 + (-3 - (-3 + 9) - -17).
-1
Calculate (-6 - -28) + 10 + 3 + -2 + -3.
30
What is 9 + (12 - -3) - (-9 - (-4 + -5))?
24
What is the value of -18 - (-12 - (21 + -25))?
-10
-1 - (13 + -14 + -27 + 3)
24
What is the value of 1 + 27 + (-431 - -416)?
13
-10 + ((-8 - 9) + -1 - -7) - -3
-18
Evaluate (1 - 17) + -31 + (-53 - -70).
-30
What is the value of 14 + 24 + -7 + -11?
20
Evaluate 12 + (-26 - ((19 - 8) + -11)).
-14
Evaluate -7 + 0 + 8 - (29 - (13 - 6)).
-21
What is -1 + -23 - (-4 - 2) - (-2 + 1)?
-17
Evaluate 21 - (16 - (26 + (-13 - -12))).
30
(2 - (6 + -10)) + (14 + -2 - 4)
14
0 + (10 - (-5 - -4 - -6))
5
What is 10 - (6 - (10 + 2 - 9))?
7
Calculate -8 + 19 + -7 - -6.
10
What is the value of 19 + (-25 - (-6 - 21))?
21
Evaluate -5 + 3 + (-7 - 3) - 14.
-26
What is -7 + (8 - 18) - (-2 + -6)?
-9
Evaluate -1958 + 1948 + 0 + -7.
-17
Evaluate 0 + 3 + -11 + (43 - 31).
4
Calculate (65 - 85) + -1 + 5.
-16
-12 - (13 + -27 + 13)
-11
What is 4 + 3 + -6 - (21 - (52 - 31))?
1
41 - 16 - 44 - -26
7
Evaluate 212 - 248 - (-9 - -4).
-31
Evaluate (5 - (-6 - -8)) + (23 - 17).
9
What is -4 - -1 - ((24 - 7) + -19)?
-1
Evaluate (-27 - ((-10 - (4 + -6)) + 6)) + 5.
-20
Evaluate -11 + -62 + 66 + 27 + 1.
21
Evaluate 1 + -13 + (-18 + 25 - (8 + -3)).
-10
-11 - (-6 + 10 + -6 - (-8 - 0))
-17
Evaluate -5 + (-63 + 72 - (13 - -1)) + 12.
2
Evaluate 4 - (29 + (-53 - 4)).
32
Evaluate -1 + 40 + (-2 - 3) - (-5 + 13).
26
What is -6 - (-4 - 2) - (5 + -18) - 0?
13
What is the value of -12 + 7 - (1 + 2 - (-5 + 3))?
-10
Calculate -7 - 6 - -36 - 9.
14
What is -2 - ((1 - -2) + -77 + 67 - 7)?
12
-9 + -1 + 15 + -19 + 28
14
Evaluate 11 - (-10 - (-15 + 8 + 5)).
19
What is ((1 - 11) + 14 - 21) + -5 + 1?
-21
What is the value of 5 + (6 - 18) - (1 + -8) - -6?
6
2 + (-4 - 3) + (-10 - -22)
7
Calculate -23 + 10 + 21 + 0.
8
(24 - (-22 - -47)) + 3
2
Evaluate -22 + 38 + (-14 - -13).
15
Calculate (8 - 9) + -8 + (-7 - -10 - 0).
-6
Evaluate -32 - (2 + -2 + 3 + 0 + -9).
-26
(3 - -3) + -1 + -6 - 4
-5
Evaluate -8 - (640 + -632 - (0 + (15 - 0))).
-1
What is 53 - 51 - (5 + -2)?
-1
Evaluate 1678 + -1738 - (-1 - 24).
-35
Calculate -12 - (-3 + 3) - ((8 - 20) + 20).
-20
What is the value of -32 - (-10 + (8 - (4 + 8 + -8)))?
-26
1 + 21 + -24 + (-1 - (-6 - -2))
1
What is the value of 66 - 12 - (55 - 23)?
22
-11 - (807 - 804 - (4 - (-2 + 3)))
-11
Evaluate 22 - (15 + -35 + 68).
-26
0 + -2 - -10 - (42 + -47)
13
What is 5 + (3 - (-4 + 6 + -5)) + 0?
11
What is the value of (14 - (0 - -5 - 1)) + 6 + -7?
9
3 - -1 - (-21 - ((-1 - -2) + -18))
8
What is the value of 2 + -7 + 7 + 0 + -5?
-3
Calculate 87 + -75 - (21 - 2).
-7
What is the value of 562 + -555 + 2 + 4?
13
Evaluate 5 + (-4 - -3 - (-19 - -13)) + 1.
11
Evaluate (0 - -1) + (2 - -2 - 7).
-2
Evaluate -9 - 0 - (-6 - (-26 - -13) - 14).
-2
Calculate -23 + 29 - (-8 - -4).
10
What is -19 + (2 - 7) + 10?
-14
What is the value of -1 - 12 - (36 + -37 + 2)?
-14
Evaluate -20 - (25 + -63 + -3).
21
-83 + 70 - (-5 + -6 - 7)
5
Calculate -7 + (3 + -6 - (-7 + (-1 - -7))).
-9
Evaluate 8 + 1 + -3 - ((5 - 11) + 0).
12
Calculate -7 - ((-4 + 1 - -4) + -7).
-1
Evaluate (20 - (-6 - 2) - 7) + (2 - 9).
14
What is the value of -7 + (14 - ((4 - (6 - 11)) + -3))?
1
What is the value of (30 - (1 - 0)) + -50 + (-25 - -73)?
27
What is 125 + -128 - (1 - 2)?
-2
Evaluate (98 - 98) + (0 - 0) - 0.
0
What is the value of (22 - -4) + -15 + 0 + -7?
4
What is -34 + (17 - (19 + -27))?
-9
Evaluate (-1 - 8) + (2 - -4 - (-17 + 22)).
-8
What is (1 - -8) + 0 + 20?
29
What is 0 + 8 + (-17 - (-18 + 5 - -3))?
1
What is the value of -10 + (5 - 5) - (3 - 17) - -2?
6
Calculate 0 + 21 + -17 - (2 + (-2 - 11)).
15
9 - 9 - (-17 + (5 - 4) + 1)
15
Evaluate (-3 - -5 - -11) + -15 + 16 + -10.
4
Calculate -54 - -22 - -11 - 3.
-24
What is the value of 7 + -21 + 0 + 3?
-11
What is the value of (0 - -30) + (-23 - -12) - 8?
11
(-67 - (6 + -32)) + 76
35
Calculate 7 - (-1 - (-7 + (4 - -2))).
7
3 + (4 - (-6 + 13 + -10 - 1))
11
What is -1 + 1 - -5 - (3 - -13 - 13)?
2
What is the value of -9 + (29 - 54 - -18)?
-16
-10 - (0 - -12 - 16)
-6
22 + (4 - 19) + 8 + -4
11
What is the value of (0 - -5 - 12) + 3 + (-3 - 2)?
-9
Evaluate -10 - -3 - (-1 + -12 - -5).
1
(-1 - (6 + -22)) + (84 - 74)
25
9 - (-34 + 34 - (1 + -3))
7
What is (3 - 11 - -1) + -2 + (0 - 7)?
-16
Calculate 24 - (21 + -65 + 49 + 1 + 5).
13
What is ((9 - 1) + 7 - 18) + 5?
2
Calculate -8 + 64 + -15 + 1 - 17.
25
Evaluate -6 + 8 + 1 - (-5 + 15).
-7
What is (19 - 23) + (2 - -10) - 4 - 4?
0
What is the value of (1 - 7) + ((-2 - -9) + 9 - 1)?
9
What is the value of (-15 - -34 - 15) + -13 + 2?
-7
(12 + -6 - -2) + -13
-5
15 - (14 - (4 + 4))
9
Calculate -40 + 41 + (2 - -2) + (1 - -3).
9
0 + 2 - -2 - 3 - 13
-12
What is the value of 61 + -48 - (1 + 12)?
0
(-48 - -16) + 31 - (0 - 1)
0
What is the value of 2 + 5 + -1 + (0 - (-2 - 0))?
8
Evaluate -5 - (-2 + -2 + 2) - (-11 + -5).
13
What is (3 - 2 - 2) + (-14 + 32 - 12)?
5
What is the value of 1 - 7 - (244 - 257)?
7
What is the value of (59 + -14 - 39) + 30?
36
Calculate (6 + 9 - -1) + -1.
15
What is the value of -4 - (64